actors of m(14).
3, 11, 13
Suppose -5*h + 33 = -2*h + 3*o, -2*h + 17 = o. What are the prime factors of (-2)/h + (-74)/(-6)?
2, 3
Let y(a) = 3*a**3 + 12*a**2 + a - 6. List the prime factors of y(9).
2, 3, 17, 31
Suppose 49 = p - 189. List the prime factors of p.
2, 7, 17
Let h = 23 + -29. List the prime factors of h/14 - (-1076)/28.
2, 19
Suppose p + 3 = 5*s, 0 = 4*s + 3*p - 13 + 3. Let g be -3*s/(2 - 3). What are the prime factors of 5 - (g - (-3 + 4))?
3
Suppose n - 176 - 170 = 0. What are the prime factors of n/4 - (-1)/(-2)?
2, 43
Let g = 366 - 311. List the prime factors of g.
5, 11
Suppose 181 - 754 = -3*n. Suppose -2*f + 77 = -n. What are the prime factors of f?
2, 67
Suppose 2*z = 124 - 30. What are the prime factors of z + (-1*8 - -4)?
43
Let v(j) = 260*j + 145. What are the prime factors of v(3)?
5, 37
Let v(g) = -4*g - 3. Let i be v(-4). Let l(n) = n**2 - 10*n - 19. Let s be l(i). What are the prime factors of 1050/s - (-2)/(-4)?
2, 13
Let c = -1191 - -1737. List the prime factors of c.
2, 3, 7, 13
Let q be 3/(-2)*8/(-6). Let r be (7 - -3)*q/4. Suppose 0*k = -r*k + 140. List the prime factors of k.
2, 7
Suppose 0 = 5*q - 34*q + 61306. List the prime factors of q.
2, 7, 151
Let j(t) = -t**3 - 29*t**2 - 80*t - 45. List the prime factors of j(-29).
5, 7, 13
Let q(x) = -16*x**2 + x. Let z be q(1). Let s = z - -42. Suppose -s = -h + 4*j, h + 5 = -3*j + 11. What are the prime factors of h?
3, 5
Let s(w) = -2*w + 10. Let m be s(6). List the prime factors of 107 + m/2 - (4 + -4).
2, 53
Suppose 3*f = -3*f + 36. Let j = f + 68. What are the prime factors of j?
2, 37
Let x(i) be the second derivative of 1/12*i**4 + 0 + 1/6*i**3 + 5*i + 3/2*i**2. What are the prime factors of x(-3)?
3
Let t be 0 + (-15)/5 + 7. Suppose -t*f + 98 = 34. List the prime factors of f.
2
Let x be 0/(9/((-27)/6)). Suppose 3*h - 5*p + 34 = x, 0*p + 2*p = 2*h + 16. What are the prime factors of (20/h)/((-4)/18)?
2, 3, 5
Suppose 0 = -3*l - 2*r + 3747, 21*r = -5*l + 23*r + 6245. List the prime factors of l.
1249
Suppose 2*r - 4*r = 0, -3*r - 129 = -s. List the prime factors of s.
3, 43
Let p be (1 + 1)/((-189)/47 + 4). Let l = p + 159. List the prime factors of l.
5, 13
Let w = 754 - -287. What are the prime factors of w?
3, 347
List the prime factors of 2 - (-509)/2 - 66/(-44).
2, 3, 43
Let t(b) = -b**3 - 2*b**2 + 4*b. Let p be (4/(-6))/(24/180). List the prime factors of t(p).
5, 11
Let n(s) = s**3 + 11*s**2 - 36*s + 11. Let t = 68 - 81. What are the prime factors of n(t)?
3, 47
Let o(x) = 365*x**3 - x**2 - 1. Let m be o(1). Suppose -m = -5*u - 3*i, 0 = 5*u + 3*i - i - 362. What are the prime factors of u?
2, 3
Suppose 2*n = 5*h - 542, 4*h - 584 = 3*n + 215. What are the prime factors of ((-4)/(-6))/((-6)/n)?
29
Let i(x) = 350*x - 14. List the prime factors of i(8).
2, 7, 199
Let f(w) = 4*w + 12. Let m be f(-9). What are the prime factors of 194 + 3/((-18)/m)?
2, 3, 11
Let b be 4/18*(-8 - -26). Suppose 5*k - 672 = -b*u, 0 = -u - 5*k + 3*k + 168. List the prime factors of u.
2, 3, 7
Let s(x) = x**3 - 2*x - 1. Let f be s(2). Suppose f*m - 112 = -1. What are the prime factors of m?
37
Let m(c) = 7*c**2 - 10*c - 29. List the prime factors of m(-7).
2, 3
List the prime factors of ((-627)/4)/(96/(-1792)).
2, 7, 11, 19
Let k(z) = 2*z + 28. Let f be k(-13). Suppose -f*y - 3*o + 239 = 0, 4*o = -4*y + 288 + 192. List the prime factors of y.
11
Let b(f) = -2*f**3 + 15*f**3 - 28*f**3 - 26*f**3 + 1. Let h be b(-1). Suppose -i + 5*s = 6, -s = i - 6*i + h. What are the prime factors of i?
3
What are the prime factors of 5/(25/(-2470))*(-5 + 2)?
2, 3, 13, 19
Suppose w = -104 + 9. What are the prime factors of 6/9*3 + (1 - w)?
2, 7
Suppose -w - 2*u - 51 = -0*u, 0 = -5*w + 4*u - 283. Let j = 29 + w. Let z = j - -36. What are the prime factors of z?
2, 5
Let f be (-3)/1 - 1/((-3)/(-270)). Let k = f - -195. List the prime factors of k.
2, 3, 17
Suppose 4*a - 348 = 2*o, -3*a - o = -7*a + 350. What are the prime factors of a?
2, 11
Suppose 10 = 2*s - 5*q, -q = -2*s - 2*q - 2. Suppose s = -3*b + 33 - 6. Let g(j) = -j + 13. What are the prime factors of g(b)?
2
Suppose 5*f + 6 = t - 5, 2*t + 8 = 0. What are the prime factors of 120/(3 + 6/f)?
2, 3, 5
Let r(t) = -t + 4. Let w be r(-3). Let o be (w/2)/(3/(-12)). Let d = o - -16. List the prime factors of d.
2
Suppose -o = -5*z + 20, -2*z = 3*z - 3*o - 20. Let y be (0 - 9/(-6))/((-9)/(-336)). Suppose y = 4*c - z. List the prime factors of c.
3, 5
Suppose -2*x + 5*h = -27, 4*x - h + 2*h + 1 = 0. What are the prime factors of ((-50)/x)/(-2 - -3 - 3)?
5
Suppose -203*x + 220*x = 23562. List the prime factors of x.
2, 3, 7, 11
Let f(c) be the first derivative of 49*c**6/360 + c**5/120 + 5*c**3/3 - 7. Let d(n) be the third derivative of f(n). What are the prime factors of d(-1)?
2, 3
Let a(n) = 8*n**3 + 3*n**2 + n - 4. Let h be a(2). Suppose -p + 3*v + 44 = 3*p, 0 = 5*p + v - h. List the prime factors of p.
2, 7
Suppose -4*p + 1656 = 2*h - 6*h, -p + 410 = -2*h. List the prime factors of p.
2, 11, 19
List the prime factors of ((-111)/6 - (4 + 0))*-16.
2, 3, 5
Let w be -9*(0 - (-4)/(-12)). What are the prime factors of w/3 + 6*2?
13
Let u(z) = z**3 + 4*z**2 + 5*z + 3928. List the prime factors of u(0).
2, 491
Let f(z) = 28*z**2 - 19*z - 1. List the prime factors of f(3).
2, 97
Suppose 0 = 5*v - f - 1374, 3*f = v - 313 + 41. List the prime factors of v.
5, 11
Let m = -109 + 176. Let o = 61 + -88. Let n = o + m. What are the prime factors of n?
2, 5
Suppose 3710 = 48*p - 1810. What are the prime factors of p?
5, 23
Let a = -6 + 9. Suppose 2*f = 5*j - 6, 2*f + a*f - 4*j = 2. Suppose -b + 55 = 2*o, -f*o + 46 = -0*o + 4*b. What are the prime factors of o?
29
Let r(a) = -a**3 - 9*a**2 + 6*a - 5. Let s be r(-10). Suppose u - s = 89. List the prime factors of u.
2, 31
Let y(o) = 28*o + 57. Let r(a) = 27*a + 56. Let w(p) = 7*r(p) - 6*y(p). List the prime factors of w(6).
2, 11
Let o(f) be the third derivative of 0*f + 0 + 0*f**3 + 6*f**2 + 1/30*f**5 + 1/24*f**4 - 1/120*f**6. What are the prime factors of o(-1)?
2
Let a = 3032 - 1998. List the prime factors of a.
2, 11, 47
Suppose 2*t + 61 = 9. Let c = -11 - t. List the prime factors of c.
3, 5
What are the prime factors of (-2)/(5 + -6) - -1183?
3, 5, 79
What are the prime factors of -2 + -3 + -1 - (-362 - -2)?
2, 3, 59
Suppose -r = 2 - 4. Let v = r - -41. List the prime factors of v.
43
Suppose -3*o - 50 = 2*o. Suppose 0 = -6*p - 201 - 39. Let f = o - p. List the prime factors of f.
2, 3, 5
Let j be (-290)/(-22) + 2/(-11). Let f = j + -8. Suppose f*x - 82 = p - 3*p, 4*x + 3*p = 60. List the prime factors of x.
2, 3
Suppose -132*c - 41008 = -143*c. List the prime factors of c.
2, 233
Let d be (2*(7 - 8))/((-1)/46). Suppose -3*g + d = -2*i - 706, -4*g + 1059 = -i. What are the prime factors of g?
2, 3, 11
Suppose 0 = -4*v + 2*k + 46, 4*k = -2*v - v + 7. Suppose -5*y + 63 = -42. Let u = y + v. What are the prime factors of u?
2, 3, 5
Let a be (-8)/(-2) - 972/18. What are the prime factors of 0 - a - 0/(-2 - -1)?
2, 5
Let k = -106 + 670. What are the prime factors of k?
2, 3, 47
What are the prime factors of -5582*2/(-8)*(-93 + 95)?
2791
Suppose 0 = 7*r + 16 - 163. List the prime factors of r.
3, 7
Let l = -1356 - -2097. What are the prime factors of l?
3, 13, 19
Let j(y) be the third derivative of 0*y + 9*y**2 + 1/3*y**3 - 5/24*y**4 + 0. List the prime factors of j(-8).
2, 3, 7
Let l(y) = -y**2 + 5*y + 8. Let k be l(5). Let s(b) = 3*b**2 - 10*b - 8. What are the prime factors of s(k)?
2, 13
What are the prime factors of 3/3*(149 + 3)?
2, 19
Let d(m) = -m**2 - 4*m + 4. Let f be d(-4). List the prime factors of (-11 + -49)*((-23)/f - -2).
3, 5
Let q(p) = -p**3 - 11*p**2 + 13*p + 17. Let z be q(-12). Suppose 0 = -2*f - 3*c + 4*c + 32, z*f - 2*c = 78. Let l = f - -6. What are the prime factors of l?
2, 5
Suppose -13 = -3*c - 4*q + 5, -30 = -5*c - 3*q. Suppose -130 - 674 = -c*u. List the prime factors of u.
2, 67
Suppose 0 = -5*b - 5*n + 829 + 1881, -5*n = -3*b + 1642. Suppose -b = -8*i + 4*i. Let l = -73 + i. What are the prime factors of l?
3, 7
Suppose -13*o + 1112 + 214 = 0. Suppose 14*t - 15 = 11*t. Suppose 313 = t*i - 3*d, 5*i - d - 209 = o. What are the prime factors of i?
2, 31
Suppose 32*l = -34*l + 52536. 